-19).
-9
Let b(j) = j**2 - 40*j - 791. Determine b(-15).
34
Let u(p) = -8*p**2 - 291*p - 114. Calculate u(-36).
-6
Let n(p) = p**3 - 13*p**2 + 36*p - 18. Calculate n(8).
-50
Let v(d) = 14*d + 126. Determine v(-2).
98
Let x(y) = 1001*y + 28036. What is x(-28)?
8
Let v(q) = q + 222. Give v(67).
289
Let v(h) = -5*h**2 + 43*h - 77. Calculate v(2).
-11
Let i(d) = -d**2 + 16*d - 38. Determine i(13).
1
Let k(p) = p**3 - p**2 - 83*p - 60. Give k(10).
10
Let k(y) = -4*y**2 - 68*y + 248. Determine k(-20).
8
Let q(s) = 6*s - 440. Calculate q(82).
52
Let x(o) = -o**3 - 7*o**2 + 16*o - 11. Determine x(-9).
7
Let c(u) = 4*u**3 + 5*u**2 + 11*u + 9. What is c(-4)?
-211
Let f(g) = 685*g - 6357. Give f(9).
-192
Let j(w) = 5*w**2 - 1839*w + 1840. Calculate j(1).
6
Let k(g) = -8*g**2 - 101*g - 20. Give k(-12).
40
Let s(v) = 433*v + 40692. Calculate s(-94).
-10
Let o(n) = n - 14. Calculate o(-7).
-21
Let h(k) = -56*k - 353. Give h(-7).
39
Let b(f) = -13*f**2 - 2428*f + 3005. Determine b(-188).
-3
Let d(a) = -a**2 + 157*a + 990. Calculate d(-6).
12
Let j(n) = -2*n**2 - 24*n - 1. Calculate j(4).
-129
Let n(a) = a**2 - 32*a - 80. Give n(-2).
-12
Let y(l) = 38303*l + 383037. Determine y(-10).
7
Let o(f) = -2*f**2 - 8*f + 107. What is o(7)?
-47
Let t(z) = -z**2 - 8*z + 140. Determine t(-15).
35
Let n(j) = -167*j**2 - 4*j + 3. Determine n(1).
-168
Let i(f) = 8*f**2 - 73*f - 72. What is i(11)?
93
Let t(h) = -145*h + 8988. Determine t(62).
-2
Let b(s) = -657*s - 26297. Give b(-40).
-17
Let o(i) = -4*i**2 - 125*i - 15. What is o(-31)?
16
Let g(q) = 19*q**2 + 12*q - 45. Give g(4).
307
Let b(d) = -d**3 - 4*d**2 - 22*d + 10. Calculate b(-4).
98
Let j(m) = -16*m + 880. What is j(55)?
0
Let j(x) = -6*x**2 + 391*x + 635. What is j(67)?
-102
Let n(x) = -16*x + 391. Give n(22).
39
Let c(y) = -y**3 - 169*y**2 + 510*y - 1031. Give c(-172).
1
Let n(f) = 65*f + 633. Determine n(-10).
-17
Let n(t) = -t + 26. Determine n(-20).
46
Let x(a) = -a**3 - 40*a**2 - 34*a - 82. Calculate x(-39).
-277
Let r(u) = -2*u**3 + 9*u**2 + 3*u - 31. Calculate r(4).
-3
Let p(d) = -28*d**3 - 4*d**2 + 2*d + 2. What is p(2)?
-234
Let u(x) = -x**2 + 7*x + 699. Give u(30).
9
Let f(t) = 2*t**2 - 32*t + 25. Determine f(10).
-95
Let c(d) = 3*d**2 - 10*d - 23. Give c(5).
2
Let o(b) = b**2 - 106*b - 1295. What is o(-11)?
-8
Let o(w) = 3*w**2 + w + 23. Calculate o(4).
75
Let x(d) = d**3 + 9*d**2 + 639*d + 3721. Give x(-6).
-5
Let t(l) = -l**2 - 25*l + 139. Determine t(-24).
163
Let t(f) = f**3 - 72*f**2 - 63*f - 806. What is t(73)?
-76
Let x(y) = -2*y**3 + 7*y**2 - 17*y + 4. Calculate x(7).
-458
Let y(x) = -39*x - 101. Give y(4).
-257
Let n(m) = 34*m**2 + 3*m + 1. What is n(-1)?
32
Let c(x) = 30*x**2 - 451*x + 3. Calculate c(15).
-12
Let u(f) = 5*f + 17. Give u(-22).
-93
Let c(a) = 3*a**2 - 13*a + 78. Determine c(5).
88
Let y(a) = -a**2 + 10*a + 50. Calculate y(-3).
11
Let j(i) = -i**3 + 23*i**2 + 862*i - 83. Determine j(43).
3
Let h(c) = 81*c + 1464. Calculate h(-18).
6
Let c(g) = -2*g**2 - 38*g - 171. What is c(-7)?
-3
Let z(p) = 22*p**2 + 17*p + 12. Give z(-4).
296
Let t(o) = -o**3 + 2*o**2 + 22*o - 50. Calculate t(4).
6
Let j(l) = l**2 - 315*l + 23406. Give j(120).
6
Let a(r) = 25*r + 360. What is a(-4)?
260
Let p(i) = -i**3 + i**2 - 4*i + 9. Calculate p(3).
-21
Let w(f) = 4*f**3 - 123*f**2 + 97*f - 170. Determine w(30).
40
Let q(k) = k**3 - 13*k**2 - 197*k - 23. What is q(-9)?
-32
Let d(w) = -25*w + 3815. Determine d(152).
15
Let g(b) = 11*b - 659. Give g(68).
89
Let c(q) = -2*q**2 + 3*q + 115. What is c(-8)?
-37
Let q(b) = -233*b + 237. Calculate q(1).
4
Let x(y) = -y**2 + 26*y - 75. Give x(9).
78
Let b(q) = -q**3 - 21*q**2 - 28*q - 155. Determine b(-20).
5
Let o(k) = -469*k - 13. Give o(1).
-482
Let u(w) = w**3 + 21*w**2 - 22*w - 44. Give u(-22).
-44
Let y(s) = 149*s + 1069. Calculate y(-7).
26
Let f(j) = 5*j**2 + 48*j - 230. Give f(-13).
-9
Let k(f) = 31*f + 374. Give k(-13).
-29
Let p(s) = s**3 + 23*s**2 + 43*s + 17. Give p(-21).
-4
Let v(s) = -18*s**3 - 3*s**2 + 10*s - 5. Determine v(1).
-16
Let a(s) = 2*s**3 - 69*s**2 + 475*s + 9. Give a(25).
9
Let l(t) = -t**3 + 23*t**2 - 124*t + 326. What is l(17)?
-48
Let j(k) = -k**3 - 8*k**2 + 12*k - 11. Give j(-11).
220
Let f(o) = -2*o**2 - 13*o - 38. Determine f(-9).
-83
Let i(z) = -125*z - 3865. Calculate i(-31).
10
Let b(d) = d**3 - 54*d**2 - 134*d + 1220. Calculate b(56).
-12
Let v(i) = -i**3 - 30*i**2 - 209*i + 29. What is v(-12)?
-55
Let f(k) = -5*k**3 + 44*k**2 + 4*k + 29. What is f(9)?
-16
Let k(w) = 293*w**2 + 14357*w - 10. Determine k(-49).
-10
Let o(g) = -8*g - 51. What is o(-21)?
117
Let h(b) = 3*b**2 + 6*b + 26. Calculate h(-4).
50
Let q(i) = 2*i**2 + 63*i - 71. What is q(1)?
-6
Let p(i) = i**3 + 7*i**2 + 57*i + 120. What is p(-3)?
-15
Let b(r) = 4*r**3 - r**2 - 10*r + 11. What is b(1)?
4
Let v(l) = l**3 - 33*l**2 + 93*l - 145. Determine v(30).
-55
Let k(t) = -t**3 - 69*t**2 + 76*t + 399. Calculate k(-70).
-21
Let v(t) = -149*t + 1064. What is v(7)?
21
Let n(c) = -5*c**2 - 23*c + 164. Determine n(4).
-8
Let d(w) = -10*w - 99. Give d(-6).
-39
Let t(d) = 43*d - 684. Determine t(16).
4
Let b(d) = 34228*d + 239596. What is b(-7)?
0
Let c(p) = p**3 - 15*p**2 - 13*p + 360. Determine c(14).
-18
Let q(w) = 7*w**3 + 58*w**2 + 46*w + 236. Give q(-8).
-4
Let n(w) = -2*w**3 + 20*w**2 - 12*w + 18. Give n(9).
72
Let w(t) = -15*t**3 + 109*t**2 - 21*t + 4. Determine w(7).
53
Let k(q) = -q**3 + 15*q**2 + 19*q + 67. What is k(18)?
-563
Let c(b) = -11*b**2 + 34*b - 102. Determine c(4).
-142
Let u(z) = -z**2 + 66*z + 613. Determine u(-8).
21
Let v(s) = 9*s**2 + 62*s - 93. What is v(-8)?
-13
Let y(q) = -13*q - 17. What is y(-2)?
9
Let r(v) = -v**3 + 2*v**2 + 326*v + 59. Determine r(-17).
8
Let n(w) = -w**3 - 32*w**2 + 58*w - 92. Calculate n(-34).
248
Let y(z) = 7*z**3 + 28*z**2 + z + 21. Determine y(-5).
-159
Let r(z) = z**3 + 25*z**2 + 59*z + 69. Give r(-23).
-230
Let h(r) = r**2 + 12*r - 524. What is h(-30)?
16
Let q(w) = -11*w**2 - 176*w - 158. What is q(-15)?
7
Let c(a) = -a**3 - 23*a**2 + 74*a - 107. Determine c(-26).
-3
Let t(a) = -25*a + 1200. Calculate t(49).
-25
Let a(q) = -220*q - 1774. Calculate a(-8).
-14
Let w(m) = 4*m**2 + 30*m + 47. Calculate w(-6).
11
Let j(f) = f**2 - 34*f + 37. What is j(33)?
4
Let o(c) = -2*c**3 - 15*c**2 + 24*c + 34. Give o(-8).
-94
Let h(j) = -7*j**3 - 97*j**2 - 53*j - 19. Determine h(-13).
-344
Let g(q) = -34*q**2 + 17*q - 31. What is g(2)?
-133
Let i(z) = z**3 + 10*z**2 - 15*z - 20. Calculate i(-8).
228
Let h(y) = -y**3 - 16*y**2 + 38*y + 22. Give h(-18).
-14
Let k(c) = c**3 + 28*c**2 - 59*c + 60. Calculate k(-30).
30
Let d(o) = 41*o**2 + 1645*o + 194. What is d(-40)?
-6
Let h(b) = -b**3 - 41*b**2 + 94*b + 334. What is h(-43)?
-10
Let b(p) = 179*p**3 - p**2 + 2*p + 4. Determine b(-1).
-178
Let a(c) = c**2 + 49*c + 439. Give a(-28).
-149
Let s(c) = -c**2 + 114*c - 2652. What is s(83)?
-79
Let g(t) = -t**3 - 2*t**2 + 23*t - 96. What is g(-7)?
-12
Let i(g) = g**2 + 5*g + 14. Give i(-10).
64
Let v(n) = 68*n - 146. Determine v(2).
-10
Let c(w) = 111*w - 660. What is c(6)?
6
Let h(v) = -v**3 + 33*v**2 - 82*v + 60. Calculate h(32).
-1540
Let n(c) = -13*c - 4. Give n(0).
-4
Let v(p) = 530*p + 18013. Give v(-34).
-7
Let t(m) = -2*m**3 - 23*m**2 + 105*m + 1. Calculate t(-15).
1
Let c(g) = 11*g**2 + 52*g - 8. Determine c(-6).
76
Let c(j) = 19*j - 21. Give c(0).
-21
Let s(b) = -2*b**3 - 16*b**2 - 6*b + 6. Give s(-8).
54
Let v(d) = -26*d**2 + 4*d + 9. Calculate v(-2).
-103
Let j(u) = -u**3 + 79*u**2 - 174*u + 1545. What is j(77)?
5
Let d(q) = q**3 + 11*q**2 + 17*q - 16. What is d(-8)?
40
Let z(b) = b**2 - 12*b - 131. Calculate z(14).
-103
Let p(f) = -f**3 + 3*f**2 + 14*f - 51. Give p(6).
-75
Let q(u) = 3*u**3 - 6*u**2 - 13*u + 9. Give q(3).
-3
Let a(l) = 14*l - 234. Calculate a(0).
-234
Let m(k) = 3*k**3 - 17*k**2 + 11*k - 20. Determine m(3).
-59
Let f(j) = -j**3 - 49*j**2 - 261*j - 143. Determine f(-43).
-14
Let x(l) = 3*l**2 - 1864*l + 14731. What is x(8)?
11
Let g(t) = 2*t**2 - 820*t + 4854. Calculate g(6).
6
Let v(l) = -5369*l + 10765. Calculate v(2).
27
Let r(s) = 4*s**2 + 2592*s - 5196. Give r(2).
4
Let a(x) = -x**3 + 13*x**2 - 53*x + 71. Calculate a(5).
6
Let x(q) = q**3 - 94*q**2 - 295*q + 354. Calculate x(97).
-34
Let x(h) = -167*h - 